{"id":397,"date":"2015-06-16T06:49:44","date_gmt":"2015-06-16T06:49:44","guid":{"rendered":"http:\/\/vin.domaine-gonon.fr\/vin-bourgogne\/?page_id=397"},"modified":"2015-11-27T13:53:14","modified_gmt":"2015-11-27T13:53:14","slug":"cremant-de-bourgogne","status":"publish","type":"page","link":"https:\/\/vin.domaine-gonon.fr\/vin-bourgogne\/nos-vins\/cremant-de-bourgogne\/","title":{"rendered":"Cr\u00e9mant de Bourgogne"},"content":{"rendered":"<p style=\"text-align: center;\"><div class=\"row\"><div class=\"one_half\"><p><\/p>\n<p style=\"text-align: center;\"><img loading=\"lazy\" decoding=\"async\" class=\"alignnone wp-image-556 size-full\" src=\"http:\/\/vin.domaine-gonon.fr\/vin-bourgogne\/wp-content\/uploads\/2015\/08\/Cremant-Bourgogne.jpg\" alt=\"Cr\u00e9mant de Bourgogne du Domaine Gonon \u00e0 Vergisson\" width=\"200\" height=\"400\" srcset=\"https:\/\/vin.domaine-gonon.fr\/vin-bourgogne\/wp-content\/uploads\/2015\/08\/Cremant-Bourgogne.jpg 200w, https:\/\/vin.domaine-gonon.fr\/vin-bourgogne\/wp-content\/uploads\/2015\/08\/Cremant-Bourgogne-150x300.jpg 150w\" sizes=\"(max-width: 200px) 100vw, 200px\" \/><\/p><\/div><div class=\"one_half last \"><p><\/p>\n<p><strong>Cr\u00e9mant de Bourgogne<\/strong> : Ce cr\u00e9mant de bourgogne est un blanc de blanc, 100 % chardonnay \u00e0 la bulle fine et expansive.<\/p>\n<p><strong>Histoire<\/strong>: L\u2019histoire du Cr\u00e9mant de Bourgogne a commenc\u00e9 au d\u00e9but du XIXe si\u00e8cle. En 1822, les fr\u00e8res Petiot, n\u00e9gociants \u00e0 Chalon-sur-Sa\u00f4ne et propri\u00e9taires de vignes \u00e0 Mercurey et \u00e0 Rully, embauchent un jeune Champenois de talent, Fran\u00e7ois-Bazile Hubert. Ce dernier, fort de ses connaissances acquises dans une maison de Champagne, convainc les fr\u00e8res Petiot de lancer leur premi\u00e8re production selon la m\u00e9thode champenoise. En 1826, ils commercialisent leur vin mousseux sous le nom de \u00ab\u00a0Fleur de Champagne \u2013 Qualit\u00e9 Sup\u00e9rieure \u00ab\u00a0.<\/p>\n<p><\/p><\/div><\/div><\/p>\n<p style=\"text-align: right;\"><a class=\" but_warning_sign   \" href=\"http:\/\/vin.domaine-gonon.fr\/vin-bourgogne\/contactez-nous\/\" target=\"\">Contactez-nous<\/a>&nbsp;&nbsp;<\/p>\n<div class=\"likebtn_container\" style=\"\"><!-- LikeBtn.com BEGIN --><span class=\"likebtn-wrapper\"  data-identifier=\"page_397\"  data-lang=\"fr\"  data-style=\"\"  data-unlike_allowed=\"\"  data-show_copyright=\"\"  data-item_url=\"https:\/\/vin.domaine-gonon.fr\/vin-bourgogne\/nos-vins\/cremant-de-bourgogne\/\"  data-item_title=\"Cr\u00e9mant de Bourgogne\"  data-item_date=\"2015-06-16T06:49:44+00:00\"  data-engine=\"WordPress\"  data-plugin_v=\"2.6.50\"  data-event_handler=\"likebtn_eh\" ><\/span><!-- LikeBtn.com END --><\/div>","protected":false},"excerpt":{"rendered":"<div class=\"likebtn_container\" style=\"\"><!-- LikeBtn.com BEGIN --><span class=\"likebtn-wrapper\"  data-identifier=\"page_397\"  data-lang=\"fr\"  data-style=\"\"  data-unlike_allowed=\"\"  data-show_copyright=\"\"  data-item_url=\"https:\/\/vin.domaine-gonon.fr\/vin-bourgogne\/nos-vins\/cremant-de-bourgogne\/\"  data-item_title=\"Cr\u00e9mant de Bourgogne\"  data-item_date=\"2015-06-16T06:49:44+00:00\"  data-engine=\"WordPress\"  data-plugin_v=\"2.6.50\"  data-event_handler=\"likebtn_eh\" ><\/span><!-- LikeBtn.com END --><\/div>","protected":false},"author":1,"featured_media":0,"parent":69,"menu_order":6,"comment_status":"closed","ping_status":"closed","template":"page-with-fullwidth.php","meta":{"footnotes":""},"_links":{"self":[{"href":"https:\/\/vin.domaine-gonon.fr\/vin-bourgogne\/wp-json\/wp\/v2\/pages\/397"}],"collection":[{"href":"https:\/\/vin.domaine-gonon.fr\/vin-bourgogne\/wp-json\/wp\/v2\/pages"}],"about":[{"href":"https:\/\/vin.domaine-gonon.fr\/vin-bourgogne\/wp-json\/wp\/v2\/types\/page"}],"author":[{"embeddable":true,"href":"https:\/\/vin.domaine-gonon.fr\/vin-bourgogne\/wp-json\/wp\/v2\/users\/1"}],"replies":[{"embeddable":true,"href":"https:\/\/vin.domaine-gonon.fr\/vin-bourgogne\/wp-json\/wp\/v2\/comments?post=397"}],"version-history":[{"count":6,"href":"https:\/\/vin.domaine-gonon.fr\/vin-bourgogne\/wp-json\/wp\/v2\/pages\/397\/revisions"}],"predecessor-version":[{"id":604,"href":"https:\/\/vin.domaine-gonon.fr\/vin-bourgogne\/wp-json\/wp\/v2\/pages\/397\/revisions\/604"}],"up":[{"embeddable":true,"href":"https:\/\/vin.domaine-gonon.fr\/vin-bourgogne\/wp-json\/wp\/v2\/pages\/69"}],"wp:attachment":[{"href":"https:\/\/vin.domaine-gonon.fr\/vin-bourgogne\/wp-json\/wp\/v2\/media?parent=397"}],"curies":[{"name":"wp","href":"https:\/\/api.w.org\/{rel}","templated":true}]}}