{"id":69,"date":"2015-05-17T17:41:50","date_gmt":"2015-05-17T17:41:50","guid":{"rendered":"http:\/\/vin.domaine-gonon.fr\/vin-bourgogne\/?page_id=69"},"modified":"2023-11-23T08:08:28","modified_gmt":"2023-11-23T08:08:28","slug":"nos-vins","status":"publish","type":"page","link":"http:\/\/vin.domaine-gonon.fr\/vin-bourgogne\/nos-vins\/","title":{"rendered":"Nos vins"},"content":{"rendered":"<p><a href=\"http:\/\/vin.domaine-gonon.fr\/vin-bourgogne\/wp-content\/uploads\/2015\/05\/Bandeau_Vergisson.jpg\"><img loading=\"lazy\" decoding=\"async\" class=\"alignnone size-full wp-image-153\" src=\"http:\/\/vin.domaine-gonon.fr\/vin-bourgogne\/wp-content\/uploads\/2015\/05\/Bandeau_Vergisson.jpg\" alt=\"Bandeau_Vergisson\" width=\"800\" height=\"200\" srcset=\"http:\/\/vin.domaine-gonon.fr\/vin-bourgogne\/wp-content\/uploads\/2015\/05\/Bandeau_Vergisson.jpg 800w, http:\/\/vin.domaine-gonon.fr\/vin-bourgogne\/wp-content\/uploads\/2015\/05\/Bandeau_Vergisson-300x75.jpg 300w\" sizes=\"(max-width: 800px) 100vw, 800px\" \/><\/a><br>\nNotre Domaine produit :<\/p>\n<ul>\n<li><a href=\"http:\/\/vin.domaine-gonon.fr\/vin-bourgogne\/nos-vins\/pouilly-fuisse\/\">Pouilly Fuiss\u00e9<\/a><\/li>\n<li><a href=\"http:\/\/vin.domaine-gonon.fr\/vin-bourgogne\/nos-vins\/saint-veran\/\">Saint V\u00e9ran<\/a><\/li>\n<li><a href=\"http:\/\/vin.domaine-gonon.fr\/vin-bourgogne\/nos-vins\/macon-bussieres-chardonnay\/\">M\u00e2con Bussi\u00e8res Blanc<\/a><\/li>\n<li><a href=\"http:\/\/vin.domaine-gonon.fr\/vin-bourgogne\/nos-vins\/bourgogne-pinot-noir\/\">Bourgogne Pinot Noir<\/a><\/li>\n<li><a href=\"http:\/\/vin.domaine-gonon.fr\/vin-bourgogne\/nos-vins\/cremant-de-bourgogne\/\">Cr\u00e9mant de Bourgogne<\/a><\/li>\n<\/ul>\n\n\n<p> La Bourgogne, une r\u00e9gion fran\u00e7aise c\u00e9l\u00e8bre pour ses vins exceptionnels, abrite quelques joyaux dignes d&rsquo;attention.   <\/p>\n\n\n\n<p><strong><a href=\"https:\/\/vin.domaine-gonon.fr\/vin-bourgogne\/nos-vins\/pouilly-fuisse\/\">Pouilly Fuiss\u00e9 <\/a>: Le Charme des Blancs Lumineux<\/strong><\/p>\n\n\n\n<ul><li><a href=\"https:\/\/vin.domaine-gonon.fr\/vin-bourgogne\/nos-vins\/pouilly-fuisse\/\">Pouilly Fuiss\u00e9<\/a>, c&rsquo;est la magie du Chardonnay ! <ul><li>Des vins blancs \u00e9l\u00e9gants qui viennent du sud de la Bourgogne.<\/li><li>Ces vins sont comme un rayon de soleil dans votre verre, avec des saveurs de fruits et une touche min\u00e9rale unique.<\/li><li>Id\u00e9al pour accompagner les fruits de mer ou simplement pour \u00e9gayer une soir\u00e9e entre amis.<\/li><\/ul><\/li><\/ul>\n\n\n\n<p><strong><a href=\"https:\/\/vin.domaine-gonon.fr\/vin-bourgogne\/nos-vins\/saint-veran\/\">Saint V\u00e9ran <\/a>: La Fra\u00eecheur des Vins de M\u00e2con<\/strong><\/p>\n\n\n\n<ul><li><a href=\"https:\/\/vin.domaine-gonon.fr\/vin-bourgogne\/nos-vins\/saint-veran\/\">Saint V\u00e9ran<\/a>, une appellation qui respire la fra\u00eecheur ! <ul><li>Des vins blancs \u00e9quilibr\u00e9s qui repr\u00e9sentent la M\u00e2connais.<\/li><li>Imaginez-vous d\u00e9guster un Saint V\u00e9ran bien frais sur une terrasse, avec ses ar\u00f4mes d\u00e9licats de fleurs et de fruits blancs.<\/li><li>Parfait pour les jours ensoleill\u00e9s ou pour accompagner des plats l\u00e9gers.<\/li><\/ul><\/li><\/ul>\n\n\n\n<p><strong><a href=\"https:\/\/vin.domaine-gonon.fr\/vin-bourgogne\/nos-vins\/macon-bussieres-chardonnay\/\">M\u00e2con Bussi\u00e8res Blanc<\/a> : Quand le Chardonnay S&rsquo;exprime<\/strong><\/p>\n\n\n\n<ul><li><a href=\"https:\/\/vin.domaine-gonon.fr\/vin-bourgogne\/nos-vins\/macon-bussieres-chardonnay\/\">M\u00e2con Bussi\u00e8res Blanc<\/a>, un vin qui met en avant le Chardonnay dans toute sa splendeur.<\/li><li>Des notes de fruits m\u00fbrs et une belle fra\u00eecheur font de ce vin blanc une v\u00e9ritable d\u00e9couverte.<\/li><li>\u00c0 d\u00e9guster avec des fromages locaux ou des plats de volaille.<\/li><\/ul>\n\n\n\n<p><strong><a href=\"https:\/\/vin.domaine-gonon.fr\/vin-bourgogne\/nos-vins\/bourgogne-pinot-noir\/\">Bourgogne Pinot Noir<\/a> : La Subtilit\u00e9 en Rouge<\/strong><\/p>\n\n\n\n<ul><li><a href=\"https:\/\/vin.domaine-gonon.fr\/vin-bourgogne\/nos-vins\/bourgogne-pinot-noir\/\">Le Bourgogne Pinot Noir,<\/a> un rouge \u00e9l\u00e9gant et d\u00e9licat qui fait la renomm\u00e9e de la r\u00e9gion.<\/li><li>Imaginez-vous dans un jardin de fruits rouges avec chaque gorg\u00e9e. Parfait pour les amateurs de vins rouges l\u00e9gers.<\/li><li>Accompagne \u00e0 merveille les plats de volaille, les p\u00e2tes, ou tout simplement pour partager un moment convivial.<\/li><\/ul>\n\n\n\n<p><strong><a href=\"https:\/\/vin.domaine-gonon.fr\/vin-bourgogne\/nos-vins\/cremant-de-bourgogne\/\">Cr\u00e9mant de Bourgogne<\/a> : P\u00e9tillant et Festif<\/strong><\/p>\n\n\n\n<ul><li><a href=\"https:\/\/vin.domaine-gonon.fr\/vin-bourgogne\/nos-vins\/cremant-de-bourgogne\/\">Le Cr\u00e9mant de Bourgogne<\/a>, un vin effervescent qui c\u00e9l\u00e8bre la joie de vivre bourguignonne.<\/li><li>Des bulles d\u00e9licates, des ar\u00f4mes fruit\u00e9s, et une fra\u00eecheur p\u00e9tillante en font un choix id\u00e9al pour les c\u00e9l\u00e9brations.<\/li><li>Parfait en ap\u00e9ritif ou pour accompagner des desserts l\u00e9g\u00e8rement sucr\u00e9s.<\/li><\/ul>\n<div class=\"likebtn_container\" style=\"\"><!-- LikeBtn.com BEGIN --><span class=\"likebtn-wrapper\"  data-identifier=\"page_69\"  data-lang=\"fr\"  data-style=\"\"  data-unlike_allowed=\"\"  data-show_copyright=\"\"  data-item_url=\"http:\/\/vin.domaine-gonon.fr\/vin-bourgogne\/nos-vins\/\"  data-item_title=\"Nos vins\"  data-item_date=\"2015-05-17T17:41:50+00:00\"  data-engine=\"WordPress\"  data-plugin_v=\"2.6.50\"  data-event_handler=\"likebtn_eh\" ><\/span><!-- LikeBtn.com END --><\/div>","protected":false},"excerpt":{"rendered":"<p>Notre Domaine produit : Pouilly Fuiss\u00e9 Saint V\u00e9ran M\u00e2con Bussi\u00e8res Blanc Bourgogne Pinot Noir Cr\u00e9mant de Bourgogne La Bourgogne, une r\u00e9gion fran\u00e7aise c\u00e9l\u00e8bre pour ses vins exceptionnels, abrite quelques joyaux dignes d&rsquo;attention. Pouilly Fuiss\u00e9 : Le Charme des Blancs Lumineux Pouilly Fuiss\u00e9, c&rsquo;est la magie du Chardonnay ! Des vins blancs \u00e9l\u00e9gants qui viennent du<\/p>\n<div class=\"likebtn_container\" style=\"\"><!-- LikeBtn.com BEGIN --><span class=\"likebtn-wrapper\"  data-identifier=\"page_69\"  data-lang=\"fr\"  data-style=\"\"  data-unlike_allowed=\"\"  data-show_copyright=\"\"  data-item_url=\"http:\/\/vin.domaine-gonon.fr\/vin-bourgogne\/nos-vins\/\"  data-item_title=\"Nos vins\"  data-item_date=\"2015-05-17T17:41:50+00:00\"  data-engine=\"WordPress\"  data-plugin_v=\"2.6.50\"  data-event_handler=\"likebtn_eh\" ><\/span><!-- LikeBtn.com END --><\/div>","protected":false},"author":1,"featured_media":0,"parent":0,"menu_order":0,"comment_status":"closed","ping_status":"closed","template":"","meta":{"footnotes":""},"_links":{"self":[{"href":"http:\/\/vin.domaine-gonon.fr\/vin-bourgogne\/wp-json\/wp\/v2\/pages\/69"}],"collection":[{"href":"http:\/\/vin.domaine-gonon.fr\/vin-bourgogne\/wp-json\/wp\/v2\/pages"}],"about":[{"href":"http:\/\/vin.domaine-gonon.fr\/vin-bourgogne\/wp-json\/wp\/v2\/types\/page"}],"author":[{"embeddable":true,"href":"http:\/\/vin.domaine-gonon.fr\/vin-bourgogne\/wp-json\/wp\/v2\/users\/1"}],"replies":[{"embeddable":true,"href":"http:\/\/vin.domaine-gonon.fr\/vin-bourgogne\/wp-json\/wp\/v2\/comments?post=69"}],"version-history":[{"count":12,"href":"http:\/\/vin.domaine-gonon.fr\/vin-bourgogne\/wp-json\/wp\/v2\/pages\/69\/revisions"}],"predecessor-version":[{"id":852,"href":"http:\/\/vin.domaine-gonon.fr\/vin-bourgogne\/wp-json\/wp\/v2\/pages\/69\/revisions\/852"}],"wp:attachment":[{"href":"http:\/\/vin.domaine-gonon.fr\/vin-bourgogne\/wp-json\/wp\/v2\/media?parent=69"}],"curies":[{"name":"wp","href":"https:\/\/api.w.org\/{rel}","templated":true}]}}