{"id":52,"date":"2015-05-16T20:33:29","date_gmt":"2015-05-16T20:33:29","guid":{"rendered":"http:\/\/vin.domaine-gonon.fr\/vin-bourgogne\/?page_id=52"},"modified":"2015-05-20T20:23:44","modified_gmt":"2015-05-20T20:23:44","slug":"contactez-nous","status":"publish","type":"page","link":"http:\/\/vin.domaine-gonon.fr\/vin-bourgogne\/contactez-nous\/","title":{"rendered":"Contactez-nous"},"content":{"rendered":"<p><img loading=\"lazy\" decoding=\"async\" class=\"aligncenter wp-image-153 size-full\" src=\"http:\/\/vin.domaine-gonon.fr\/vin-bourgogne\/wp-content\/uploads\/2015\/05\/Bandeau_Vergisson.jpg\" alt=\"Bandeau_Vergisson\" width=\"800\" height=\"200\" srcset=\"http:\/\/vin.domaine-gonon.fr\/vin-bourgogne\/wp-content\/uploads\/2015\/05\/Bandeau_Vergisson.jpg 800w, http:\/\/vin.domaine-gonon.fr\/vin-bourgogne\/wp-content\/uploads\/2015\/05\/Bandeau_Vergisson-300x75.jpg 300w\" sizes=\"(max-width: 800px) 100vw, 800px\" \/><\/p>\n<div id='formContainer239932002' class='sfForm rednaoFormContainer SfFormElementContainer bootstrap-wrapper'><\/div><script>\n            var ajaxurl = 'http:\/\/vin.domaine-gonon.fr\/vin-bourgogne\/wp-admin\/admin-ajax.php';\n            var smartFormsCurrentTime=new Date('Tue Apr 21 2026 09:03:15 +0000');\n            \tvar smartFormsSaveNonce=\"f4a4f26c76\";\n            \tvar smartFormsUserName=\"\";\n            \tvar smartFormsFirstName=\"\";\n            \tvar smartFormsLastName=\"\";\n            \tvar smartFormsEmail=\"\";\n                var smartFormsPath=\"http:\/\/vin.domaine-gonon.fr\/vin-bourgogne\/wp-content\/plugins\/smart-forms\/\";\n                var smartDonationsRootPath=\"\";\n                var smartDonationsSandbox=\"\";\n                var smartFormsAdditionalFields1=[];\n                var smartFormsDesignMode=false;\n                if(!window.smartFormsItemsToLoad)\n                    window.smartFormsItemsToLoad=new Array();                                                   \n        window.smartFormsItemsToLoad.push({ 'form_id':1,  'elements':[{\"ClassName\":\"rednaotitle\",\"IsRequired\":\"n\",\"Formulas\":{},\"Styles\":{\"redNaoLegend\":{\"Scope\":\"1\",\"Properties\":{\"Font-Family\":\"\\\"Arial\\\",\\\"Helvetica\\\",\\\"sans-serif\\\"\",\"Color\":\"#000000\",\"border-bottom-color\":\"#E8E8E8\"}}},\"Id\":\"rnField1\",\"Spacing\":\"col-sm-12\",\"Title\":\"Remplissez le formulaire ci-dessous pour nous contacter\",\"CustomCSS\":\"\"},{\"ClassName\":\"rednaoname\",\"IsRequired\":\"y\",\"Formulas\":{},\"Styles\":{},\"Id\":\"rnField2\",\"Spacing\":\"col-sm-12\",\"Label\":\"Coordonn\u00e9es\",\"FirstNamePlaceholder\":\"Pr\u00e9nom\",\"LastNamePlaceholder\":\"Nom\",\"FirstNameValue\":\"\",\"LastNameValue\":\"\",\"ReadOnly\":\"n\",\"Icon\":{\"ClassName\":\"\"},\"CustomCSS\":\"\"},{\"ClassName\":\"rednaotextinput\",\"IsRequired\":\"y\",\"Formulas\":{},\"Styles\":{},\"Id\":\"rnField10\",\"Spacing\":\"col-sm-12\",\"Label\":\"T\u00e9l\u00e9phone\",\"Placeholder\":\"Votre num\u00e9ro de t\u00e9l\u00e9phone\",\"Value\":\"\",\"ReadOnly\":\"n\",\"Width\":\"\",\"Icon\":{\"ClassName\":\"glyphicon glyphicon-phone\",\"Orientation\":\"Add\"},\"CustomCSS\":\"\",\"Placeholder_Icon\":{\"ClassName\":\"\",\"Orientation\":\"\"}},{\"ClassName\":\"rednaoemail\",\"IsRequired\":\"y\",\"Formulas\":{},\"Styles\":{},\"Id\":\"rnField4\",\"Spacing\":\"col-sm-12\",\"Label\":\"Email\",\"Placeholder\":\"Adresse eMail\",\"Icon\":{\"ClassName\":\"glyphicon glyphicon-envelope\",\"Orientation\":\"Add\"},\"CustomCSS\":\"\",\"Placeholder_Icon\":{\"ClassName\":\"\",\"Orientation\":\"\"}},{\"ClassName\":\"rednaoaddress\",\"IsRequired\":\"n\",\"Formulas\":{},\"Styles\":{},\"Id\":\"rnField5\",\"Spacing\":\"col-sm-12\",\"Label\":\"Addresse\",\"StreetAddress1Label\":\"Adresse\",\"StreetAddress2Label\":\"compl\u00e9ment \",\"CityLabel\":\"Ville\",\"StateLabel\":\"France\",\"ZipLabel\":\"Code Postal\",\"CountryLabel\":\"Pays\",\"DefaultCountry\":\"France\",\"ShowStreetAddress1\":\"y\",\"ShowStreetAddress2\":\"n\",\"ShowCity\":\"y\",\"ShowState\":\"n\",\"ShowZip\":\"y\",\"ShowCountry\":\"n\",\"Icon\":{\"ClassName\":\"glyphicon glyphicon-map-marker\",\"Orientation\":\"Add\"},\"CustomCSS\":\"\"},{\"ClassName\":\"rednaotextarea\",\"IsRequired\":\"n\",\"Formulas\":{},\"Styles\":{},\"Id\":\"rnField8\",\"Spacing\":\"col-sm-12\",\"Label\":\"Message\",\"DefaultText\":\"Veuillez saisir votre message\",\"Value\":\"\",\"Width\":\"\",\"Height\":\"\",\"Placeholder\":\"Placeholder\",\"Disabled\":\"n\",\"MaxLength\":\"\",\"CustomCSS\":\"\",\"Placeholder_Icon\":{\"ClassName\":\"\",\"Orientation\":\"\"}},{\"ClassName\":\"rednaosubmissionbutton\",\"IsRequired\":\"n\",\"Formulas\":{},\"Styles\":{\"redNaoSubmitButton\":{\"Scope\":\"1\",\"Properties\":{\"Font-Family\":\"\\\"Trebuchet MS\\\",\\\"Helvetica\\\",\\\"sans-serif\\\"\",\"background-color\":\"#13AFEB\",\"Color\":\"#FFFFFF\"}}},\"Id\":\"rnField9\",\"Spacing\":\"col-sm-12\",\"ButtonText\":\"Envoyez votre demande\",\"CustomCSS\":\"\",\"Icon\":{\"ClassName\":\"\",\"Orientation\":\"Add\"},\"Animated\":\"y\"}],'client_form_options':{\"JavascriptCode\":\"  \/\/AUTO GENERATED CODE, DO NOT DELETE\\n(function(){var javaObject={\\n\\n\\n\/\/YOU CAN PUT YOUR CODE BELLOW\\n\\n\\n\/\/jQueryFormReference:A jquery reference of the loaded form\\nAfterFormLoaded:function(jQueryFormReference){\\n     \/\/Here you can put code that you want to be executed after the form is loaded\\n},\\n\\n\\n\/\/jQueryFormReference:A jquery reference of the loaded form\\n\/\/formData:An object with the information that is going to be submitted\\nBeforeFormSubmit:function(formData,jQueryFormReference){\\n    \/\/Here you can put code that you want to be executed before the form is submitted\\n}\\n\\n\\n\\n\/\/MORE AUTO GENERATED CODE, DO NOT DELETE\\n}; return javaObject;})    \",\"CSS\":\"\",\"Conditions\":[],\"UsesCaptcha\":\"n\",\"alert_message\":\"Merci. \\nVotre demande a bien \u00e9t\u00e9 prise en compte.\\nVous pouvez \u00e9galement vous inscrire \u00e0 notre newsletter.\",\"alert_message_cb\":\"y\",\"redirect_to\":[{\"URL\":\"http:\/\/vin.domaine-gonon.fr\/vin-bourgogne\/newsletter\",\"RCSettings\":{\"Redirect\":\"always\",\"ConditionSettings\":[]}}],\"redirect_to_cb\":\"y\",\"Campaign\":null,\"PayPalEmail\":\"\",\"PayPalDescription\":\"\",\"PayPalCurrency\":null,\"Formulas\":{},\"InvalidInputMessage\":\"*Merci de remplir les champs obligatoires\",\"FormType\":\"nor\",\"SplitSteps\":{},\"Extensions\":{}},'container':'formContainer239932002'});<\/script>\n<div class=\"likebtn_container\" style=\"\"><!-- LikeBtn.com BEGIN --><span class=\"likebtn-wrapper\"  data-identifier=\"page_52\"  data-lang=\"fr\"  data-style=\"\"  data-unlike_allowed=\"\"  data-show_copyright=\"\"  data-item_url=\"http:\/\/vin.domaine-gonon.fr\/vin-bourgogne\/contactez-nous\/\"  data-item_title=\"Contactez-nous\"  data-item_date=\"2015-05-16T20:33:29+00:00\"  data-engine=\"WordPress\"  data-plugin_v=\"2.6.50\"  data-event_handler=\"likebtn_eh\" ><\/span><!-- LikeBtn.com END --><\/div>","protected":false},"excerpt":{"rendered":"<div class=\"likebtn_container\" style=\"\"><!-- LikeBtn.com BEGIN --><span class=\"likebtn-wrapper\"  data-identifier=\"page_52\"  data-lang=\"fr\"  data-style=\"\"  data-unlike_allowed=\"\"  data-show_copyright=\"\"  data-item_url=\"http:\/\/vin.domaine-gonon.fr\/vin-bourgogne\/contactez-nous\/\"  data-item_title=\"Contactez-nous\"  data-item_date=\"2015-05-16T20:33:29+00:00\"  data-engine=\"WordPress\"  data-plugin_v=\"2.6.50\"  data-event_handler=\"likebtn_eh\" ><\/span><!-- LikeBtn.com END --><\/div>","protected":false},"author":1,"featured_media":0,"parent":0,"menu_order":0,"comment_status":"closed","ping_status":"closed","template":"","meta":{"footnotes":""},"_links":{"self":[{"href":"http:\/\/vin.domaine-gonon.fr\/vin-bourgogne\/wp-json\/wp\/v2\/pages\/52"}],"collection":[{"href":"http:\/\/vin.domaine-gonon.fr\/vin-bourgogne\/wp-json\/wp\/v2\/pages"}],"about":[{"href":"http:\/\/vin.domaine-gonon.fr\/vin-bourgogne\/wp-json\/wp\/v2\/types\/page"}],"author":[{"embeddable":true,"href":"http:\/\/vin.domaine-gonon.fr\/vin-bourgogne\/wp-json\/wp\/v2\/users\/1"}],"replies":[{"embeddable":true,"href":"http:\/\/vin.domaine-gonon.fr\/vin-bourgogne\/wp-json\/wp\/v2\/comments?post=52"}],"version-history":[{"count":3,"href":"http:\/\/vin.domaine-gonon.fr\/vin-bourgogne\/wp-json\/wp\/v2\/pages\/52\/revisions"}],"predecessor-version":[{"id":155,"href":"http:\/\/vin.domaine-gonon.fr\/vin-bourgogne\/wp-json\/wp\/v2\/pages\/52\/revisions\/155"}],"wp:attachment":[{"href":"http:\/\/vin.domaine-gonon.fr\/vin-bourgogne\/wp-json\/wp\/v2\/media?parent=52"}],"curies":[{"name":"wp","href":"https:\/\/api.w.org\/{rel}","templated":true}]}}